{"id":18948,"date":"2022-12-20T16:53:42","date_gmt":"2022-12-20T14:53:42","guid":{"rendered":"https:\/\/folkart.ee\/wp-content\/uploads\/2022\/12\/Mardilaat-2023_pais.jpg"},"modified":"2022-12-20T16:53:42","modified_gmt":"2022-12-20T14:53:42","slug":"mardilaat-2023_pais-2","status":"inherit","type":"attachment","link":"https:\/\/folkart.ee\/en\/mardilaat-2023_pais-2\/","title":{"rendered":"Mardilaat 2023_p\u00e4is"},"author":2,"featured_media":0,"comment_status":"closed","ping_status":"closed","template":"","meta":{"_acf_changed":false},"class_list":["post-18948","attachment","type-attachment","status-inherit","hentry"],"acf":[],"yoast_head":"<!-- This site is optimized with the Yoast SEO plugin v23.4 - https:\/\/yoast.com\/wordpress\/plugins\/seo\/ -->\n<title>Mardilaat 2023_p\u00e4is - Estonian Folk Art and Craft Union<\/title>\n<meta name=\"robots\" content=\"index, follow, max-snippet:-1, max-image-preview:large, max-video-preview:-1\" \/>\n<link rel=\"canonical\" href=\"https:\/\/folkart.ee\/wp-content\/uploads\/2022\/12\/Mardilaat-2023_pais.jpg\" \/>\n<meta property=\"og:locale\" content=\"en_US\" \/>\n<meta property=\"og:type\" content=\"article\" \/>\n<meta property=\"og:title\" content=\"Mardilaat 2023_p\u00e4is - Estonian Folk Art and Craft Union\" \/>\n<meta property=\"og:url\" content=\"https:\/\/folkart.ee\/wp-content\/uploads\/2022\/12\/Mardilaat-2023_pais.jpg\" \/>\n<meta property=\"og:site_name\" content=\"Estonian Folk Art and Craft Union\" \/>\n<meta property=\"og:image\" content=\"https:\/\/folkart.ee\/wp-content\/uploads\/2022\/12\/Mardilaat-2023_pais.jpg\" \/>\n\t<meta property=\"og:image:width\" content=\"640\" \/>\n\t<meta property=\"og:image:height\" content=\"243\" \/>\n\t<meta property=\"og:image:type\" content=\"image\/jpeg\" \/>\n<meta name=\"twitter:card\" content=\"summary_large_image\" \/>\n<script type=\"application\/ld+json\" class=\"yoast-schema-graph\">{\"@context\":\"https:\/\/schema.org\",\"@graph\":[{\"@type\":\"WebPage\",\"@id\":\"https:\/\/folkart.ee\/wp-content\/uploads\/2022\/12\/Mardilaat-2023_pais.jpg\",\"url\":\"https:\/\/folkart.ee\/wp-content\/uploads\/2022\/12\/Mardilaat-2023_pais.jpg\",\"name\":\"Mardilaat 2023_p\u00e4is - Estonian Folk Art and Craft Union\",\"isPartOf\":{\"@id\":\"https:\/\/folkart.ee\/#website\"},\"datePublished\":\"2022-12-20T14:53:42+00:00\",\"dateModified\":\"2022-12-20T14:53:42+00:00\",\"breadcrumb\":{\"@id\":\"https:\/\/folkart.ee\/wp-content\/uploads\/2022\/12\/Mardilaat-2023_pais.jpg#breadcrumb\"},\"inLanguage\":\"en-US\",\"potentialAction\":[{\"@type\":\"ReadAction\",\"target\":[\"https:\/\/folkart.ee\/wp-content\/uploads\/2022\/12\/Mardilaat-2023_pais.jpg\"]}]},{\"@type\":\"BreadcrumbList\",\"@id\":\"https:\/\/folkart.ee\/wp-content\/uploads\/2022\/12\/Mardilaat-2023_pais.jpg#breadcrumb\",\"itemListElement\":[{\"@type\":\"ListItem\",\"position\":1,\"name\":\"Home\",\"item\":\"https:\/\/folkart.ee\/en\/\"},{\"@type\":\"ListItem\",\"position\":2,\"name\":\"Mardilaat 2023_p\u00e4is\"}]},{\"@type\":\"WebSite\",\"@id\":\"https:\/\/folkart.ee\/#website\",\"url\":\"https:\/\/folkart.ee\/\",\"name\":\"Estonian Folk Art and Craft Union\",\"description\":\"\",\"publisher\":{\"@id\":\"https:\/\/folkart.ee\/#organization\"},\"potentialAction\":[{\"@type\":\"SearchAction\",\"target\":{\"@type\":\"EntryPoint\",\"urlTemplate\":\"https:\/\/folkart.ee\/?s={search_term_string}\"},\"query-input\":{\"@type\":\"PropertyValueSpecification\",\"valueRequired\":true,\"valueName\":\"search_term_string\"}}],\"inLanguage\":\"en-US\"},{\"@type\":\"Organization\",\"@id\":\"https:\/\/folkart.ee\/#organization\",\"name\":\"Estonian Folk Art and Craft Union\",\"url\":\"https:\/\/folkart.ee\/\",\"logo\":{\"@type\":\"ImageObject\",\"inLanguage\":\"en-US\",\"@id\":\"https:\/\/folkart.ee\/#\/schema\/logo\/image\/\",\"url\":\"https:\/\/folkart.ee\/wp-content\/uploads\/2016\/06\/eesti-rahvakunsti-ja-k\u00e4sit\u00f6\u00f6-liit.png\",\"contentUrl\":\"https:\/\/folkart.ee\/wp-content\/uploads\/2016\/06\/eesti-rahvakunsti-ja-k\u00e4sit\u00f6\u00f6-liit.png\",\"width\":114,\"height\":114,\"caption\":\"Estonian Folk Art and Craft Union\"},\"image\":{\"@id\":\"https:\/\/folkart.ee\/#\/schema\/logo\/image\/\"}}]}<\/script>\n<!-- \/ Yoast SEO plugin. -->","yoast_head_json":{"title":"Mardilaat 2023_p\u00e4is - Estonian Folk Art and Craft Union","robots":{"index":"index","follow":"follow","max-snippet":"max-snippet:-1","max-image-preview":"max-image-preview:large","max-video-preview":"max-video-preview:-1"},"canonical":"https:\/\/folkart.ee\/wp-content\/uploads\/2022\/12\/Mardilaat-2023_pais.jpg","og_locale":"en_US","og_type":"article","og_title":"Mardilaat 2023_p\u00e4is - Estonian Folk Art and Craft Union","og_url":"https:\/\/folkart.ee\/wp-content\/uploads\/2022\/12\/Mardilaat-2023_pais.jpg","og_site_name":"Estonian Folk Art and Craft Union","og_image":[{"width":640,"height":243,"url":"https:\/\/folkart.ee\/wp-content\/uploads\/2022\/12\/Mardilaat-2023_pais.jpg","type":"image\/jpeg"}],"twitter_card":"summary_large_image","schema":{"@context":"https:\/\/schema.org","@graph":[{"@type":"WebPage","@id":"https:\/\/folkart.ee\/wp-content\/uploads\/2022\/12\/Mardilaat-2023_pais.jpg","url":"https:\/\/folkart.ee\/wp-content\/uploads\/2022\/12\/Mardilaat-2023_pais.jpg","name":"Mardilaat 2023_p\u00e4is - Estonian Folk Art and Craft Union","isPartOf":{"@id":"https:\/\/folkart.ee\/#website"},"datePublished":"2022-12-20T14:53:42+00:00","dateModified":"2022-12-20T14:53:42+00:00","breadcrumb":{"@id":"https:\/\/folkart.ee\/wp-content\/uploads\/2022\/12\/Mardilaat-2023_pais.jpg#breadcrumb"},"inLanguage":"en-US","potentialAction":[{"@type":"ReadAction","target":["https:\/\/folkart.ee\/wp-content\/uploads\/2022\/12\/Mardilaat-2023_pais.jpg"]}]},{"@type":"BreadcrumbList","@id":"https:\/\/folkart.ee\/wp-content\/uploads\/2022\/12\/Mardilaat-2023_pais.jpg#breadcrumb","itemListElement":[{"@type":"ListItem","position":1,"name":"Home","item":"https:\/\/folkart.ee\/en\/"},{"@type":"ListItem","position":2,"name":"Mardilaat 2023_p\u00e4is"}]},{"@type":"WebSite","@id":"https:\/\/folkart.ee\/#website","url":"https:\/\/folkart.ee\/","name":"Estonian Folk Art and Craft Union","description":"","publisher":{"@id":"https:\/\/folkart.ee\/#organization"},"potentialAction":[{"@type":"SearchAction","target":{"@type":"EntryPoint","urlTemplate":"https:\/\/folkart.ee\/?s={search_term_string}"},"query-input":{"@type":"PropertyValueSpecification","valueRequired":true,"valueName":"search_term_string"}}],"inLanguage":"en-US"},{"@type":"Organization","@id":"https:\/\/folkart.ee\/#organization","name":"Estonian Folk Art and Craft Union","url":"https:\/\/folkart.ee\/","logo":{"@type":"ImageObject","inLanguage":"en-US","@id":"https:\/\/folkart.ee\/#\/schema\/logo\/image\/","url":"https:\/\/folkart.ee\/wp-content\/uploads\/2016\/06\/eesti-rahvakunsti-ja-k\u00e4sit\u00f6\u00f6-liit.png","contentUrl":"https:\/\/folkart.ee\/wp-content\/uploads\/2016\/06\/eesti-rahvakunsti-ja-k\u00e4sit\u00f6\u00f6-liit.png","width":114,"height":114,"caption":"Estonian Folk Art and Craft Union"},"image":{"@id":"https:\/\/folkart.ee\/#\/schema\/logo\/image\/"}}]}},"description":{"rendered":"<p class=\"attachment\"><a href='https:\/\/folkart.ee\/wp-content\/uploads\/2022\/12\/Mardilaat-2023_pais.jpg'><img decoding=\"async\" width=\"300\" height=\"114\" src=\"https:\/\/folkart.ee\/wp-content\/uploads\/2022\/12\/Mardilaat-2023_pais-300x114.jpg\" class=\"attachment-medium size-medium\" alt=\"\" srcset=\"https:\/\/folkart.ee\/wp-content\/uploads\/2022\/12\/Mardilaat-2023_pais-300x114.jpg 300w, https:\/\/folkart.ee\/wp-content\/uploads\/2022\/12\/Mardilaat-2023_pais-600x228.jpg 600w, https:\/\/folkart.ee\/wp-content\/uploads\/2022\/12\/Mardilaat-2023_pais.jpg 640w\" sizes=\"(max-width: 300px) 100vw, 300px\" \/><\/a><\/p>\n"},"caption":{"rendered":""},"alt_text":"","media_type":"image","mime_type":"image\/jpeg","media_details":{"width":640,"height":243,"file":"2022\/12\/Mardilaat-2023_pais.jpg","filesize":54698,"sizes":{"woocommerce_thumbnail":{"file":"Mardilaat-2023_pais-300x243.jpg","width":300,"height":243,"filesize":21636,"uncropped":false,"mime_type":"image\/jpeg","source_url":"https:\/\/folkart.ee\/wp-content\/uploads\/2022\/12\/Mardilaat-2023_pais-300x243.jpg"},"woocommerce_gallery_thumbnail":{"file":"Mardilaat-2023_pais-100x100.jpg","width":100,"height":100,"filesize":4024,"mime_type":"image\/jpeg","source_url":"https:\/\/folkart.ee\/wp-content\/uploads\/2022\/12\/Mardilaat-2023_pais-100x100.jpg"},"woocommerce_single":{"file":"Mardilaat-2023_pais-600x228.jpg","width":600,"height":228,"filesize":32646,"mime_type":"image\/jpeg","source_url":"https:\/\/folkart.ee\/wp-content\/uploads\/2022\/12\/Mardilaat-2023_pais-600x228.jpg"},"medium":{"file":"Mardilaat-2023_pais-300x114.jpg","width":300,"height":114,"mime_type":"image\/jpeg","source_url":"https:\/\/folkart.ee\/wp-content\/uploads\/2022\/12\/Mardilaat-2023_pais-300x114.jpg"},"thumbnail":{"file":"Mardilaat-2023_pais-150x150.jpg","width":150,"height":150,"mime_type":"image\/jpeg","source_url":"https:\/\/folkart.ee\/wp-content\/uploads\/2022\/12\/Mardilaat-2023_pais-150x150.jpg"},"member":{"file":"Mardilaat-2023_pais-192x192.jpg","width":192,"height":192,"mime_type":"image\/jpeg","source_url":"https:\/\/folkart.ee\/wp-content\/uploads\/2022\/12\/Mardilaat-2023_pais-192x192.jpg"},"gallery":{"file":"Mardilaat-2023_pais-240x152.jpg","width":240,"height":152,"mime_type":"image\/jpeg","source_url":"https:\/\/folkart.ee\/wp-content\/uploads\/2022\/12\/Mardilaat-2023_pais-240x152.jpg"},"event":{"file":"Mardilaat-2023_pais-240x185.jpg","width":240,"height":185,"mime_type":"image\/jpeg","source_url":"https:\/\/folkart.ee\/wp-content\/uploads\/2022\/12\/Mardilaat-2023_pais-240x185.jpg"},"banner":{"file":"Mardilaat-2023_pais-640x226.jpg","width":640,"height":226,"mime_type":"image\/jpeg","source_url":"https:\/\/folkart.ee\/wp-content\/uploads\/2022\/12\/Mardilaat-2023_pais-640x226.jpg"},"poster":{"file":"Mardilaat-2023_pais-240x243.jpg","width":240,"height":243,"mime_type":"image\/jpeg","source_url":"https:\/\/folkart.ee\/wp-content\/uploads\/2022\/12\/Mardilaat-2023_pais-240x243.jpg"},"full":{"file":"Mardilaat-2023_pais.jpg","width":640,"height":243,"mime_type":"image\/jpeg","source_url":"https:\/\/folkart.ee\/wp-content\/uploads\/2022\/12\/Mardilaat-2023_pais.jpg"}},"image_meta":{"aperture":"0","credit":"","camera":"","caption":"","created_timestamp":"0","copyright":"","focal_length":"0","iso":"0","shutter_speed":"0","title":"","orientation":"0","keywords":[]}},"post":null,"source_url":"https:\/\/folkart.ee\/wp-content\/uploads\/2022\/12\/Mardilaat-2023_pais.jpg","_links":{"self":[{"href":"https:\/\/folkart.ee\/en\/wp-json\/wp\/v2\/media\/18948"}],"collection":[{"href":"https:\/\/folkart.ee\/en\/wp-json\/wp\/v2\/media"}],"about":[{"href":"https:\/\/folkart.ee\/en\/wp-json\/wp\/v2\/types\/attachment"}],"author":[{"embeddable":true,"href":"https:\/\/folkart.ee\/en\/wp-json\/wp\/v2\/users\/2"}],"replies":[{"embeddable":true,"href":"https:\/\/folkart.ee\/en\/wp-json\/wp\/v2\/comments?post=18948"}]}}

Mardilaat 2023_päis

<!-- This site is optimized with the Yoast SEO plugin v23.4 - https://yoast.com/wordpress/plugins/seo/ -->
<title>Mardilaat 2023_päis - Estonian Folk Art and Craft Union</title>
<meta name="robots" content="index, follow, max-snippet:-1, max-image-preview:large, max-video-preview:-1" />
<link rel="canonical" href="https://folkart.ee/wp-content/uploads/2022/12/Mardilaat-2023_pais.jpg" />
<meta property="og:locale" content="en_US" />
<meta property="og:type" content="article" />
<meta property="og:title" content="Mardilaat 2023_päis - Estonian Folk Art and Craft Union" />
<meta property="og:url" content="https://folkart.ee/wp-content/uploads/2022/12/Mardilaat-2023_pais.jpg" />
<meta property="og:site_name" content="Estonian Folk Art and Craft Union" />
<meta property="og:image" content="https://folkart.ee/wp-content/uploads/2022/12/Mardilaat-2023_pais.jpg" />
	<meta property="og:image:width" content="640" />
	<meta property="og:image:height" content="243" />
	<meta property="og:image:type" content="image/jpeg" />
<meta name="twitter:card" content="summary_large_image" />
<script type="application/ld+json" class="yoast-schema-graph">{"@context":"https://schema.org","@graph":[{"@type":"WebPage","@id":"https://folkart.ee/wp-content/uploads/2022/12/Mardilaat-2023_pais.jpg","url":"https://folkart.ee/wp-content/uploads/2022/12/Mardilaat-2023_pais.jpg","name":"Mardilaat 2023_päis - Estonian Folk Art and Craft Union","isPartOf":{"@id":"https://folkart.ee/#website"},"datePublished":"2022-12-20T14:53:42+00:00","dateModified":"2022-12-20T14:53:42+00:00","breadcrumb":{"@id":"https://folkart.ee/wp-content/uploads/2022/12/Mardilaat-2023_pais.jpg#breadcrumb"},"inLanguage":"en-US","potentialAction":[{"@type":"ReadAction","target":["https://folkart.ee/wp-content/uploads/2022/12/Mardilaat-2023_pais.jpg"]}]},{"@type":"BreadcrumbList","@id":"https://folkart.ee/wp-content/uploads/2022/12/Mardilaat-2023_pais.jpg#breadcrumb","itemListElement":[{"@type":"ListItem","position":1,"name":"Home","item":"https://folkart.ee/en/"},{"@type":"ListItem","position":2,"name":"Mardilaat 2023_päis"}]},{"@type":"WebSite","@id":"https://folkart.ee/#website","url":"https://folkart.ee/","name":"Estonian Folk Art and Craft Union","description":"","publisher":{"@id":"https://folkart.ee/#organization"},"potentialAction":[{"@type":"SearchAction","target":{"@type":"EntryPoint","urlTemplate":"https://folkart.ee/?s={search_term_string}"},"query-input":{"@type":"PropertyValueSpecification","valueRequired":true,"valueName":"search_term_string"}}],"inLanguage":"en-US"},{"@type":"Organization","@id":"https://folkart.ee/#organization","name":"Estonian Folk Art and Craft Union","url":"https://folkart.ee/","logo":{"@type":"ImageObject","inLanguage":"en-US","@id":"https://folkart.ee/#/schema/logo/image/","url":"https://folkart.ee/wp-content/uploads/2016/06/eesti-rahvakunsti-ja-käsitöö-liit.png","contentUrl":"https://folkart.ee/wp-content/uploads/2016/06/eesti-rahvakunsti-ja-käsitöö-liit.png","width":114,"height":114,"caption":"Estonian Folk Art and Craft Union"},"image":{"@id":"https://folkart.ee/#/schema/logo/image/"}}]}</script>
<!-- / Yoast SEO plugin. -->

Mardilaat 2023_päis - Estonian Folk Art and Craft Union

https://folkart.ee/wp-content/uploads/2016/06/eesti-rahvakunsti-ja-käsitöö-liit.png
