{"id":21914,"date":"2024-05-20T15:17:29","date_gmt":"2024-05-20T12:17:29","guid":{"rendered":"https:\/\/folkart.ee\/wp-content\/uploads\/2024\/05\/DSC_1193.jpg"},"modified":"2024-05-20T15:17:29","modified_gmt":"2024-05-20T12:17:29","slug":"dsc_1193-2","status":"inherit","type":"attachment","link":"https:\/\/folkart.ee\/en\/?attachment_id=21914","title":{"rendered":"DSC_1193"},"author":8,"featured_media":0,"comment_status":"","ping_status":"closed","template":"","meta":{"_acf_changed":false},"class_list":["post-21914","attachment","type-attachment","status-inherit","hentry"],"acf":[],"yoast_head":"<!-- This site is optimized with the Yoast SEO plugin v23.4 - https:\/\/yoast.com\/wordpress\/plugins\/seo\/ -->\n<title>DSC_1193 - Estonian Folk Art and Craft Union<\/title>\n<meta name=\"robots\" content=\"index, follow, max-snippet:-1, max-image-preview:large, max-video-preview:-1\" \/>\n<link rel=\"canonical\" href=\"https:\/\/folkart.ee\/wp-content\/uploads\/2024\/05\/DSC_1193-scaled.jpg\" \/>\n<meta property=\"og:locale\" content=\"en_US\" \/>\n<meta property=\"og:type\" content=\"article\" \/>\n<meta property=\"og:title\" content=\"DSC_1193 - Estonian Folk Art and Craft Union\" \/>\n<meta property=\"og:url\" content=\"https:\/\/folkart.ee\/wp-content\/uploads\/2024\/05\/DSC_1193-scaled.jpg\" \/>\n<meta property=\"og:site_name\" content=\"Estonian Folk Art and Craft Union\" \/>\n<meta property=\"og:image\" content=\"https:\/\/folkart.ee\/wp-content\/uploads\/2024\/05\/DSC_1193-scaled.jpg\" \/>\n\t<meta property=\"og:image:width\" content=\"2560\" \/>\n\t<meta property=\"og:image:height\" content=\"1714\" \/>\n\t<meta property=\"og:image:type\" content=\"image\/jpeg\" \/>\n<meta name=\"twitter:card\" content=\"summary_large_image\" \/>\n<script type=\"application\/ld+json\" class=\"yoast-schema-graph\">{\"@context\":\"https:\/\/schema.org\",\"@graph\":[{\"@type\":\"WebPage\",\"@id\":\"https:\/\/folkart.ee\/wp-content\/uploads\/2024\/05\/DSC_1193-scaled.jpg\",\"url\":\"https:\/\/folkart.ee\/wp-content\/uploads\/2024\/05\/DSC_1193-scaled.jpg\",\"name\":\"DSC_1193 - Estonian Folk Art and Craft Union\",\"isPartOf\":{\"@id\":\"https:\/\/folkart.ee\/#website\"},\"datePublished\":\"2024-05-20T12:17:29+00:00\",\"dateModified\":\"2024-05-20T12:17:29+00:00\",\"breadcrumb\":{\"@id\":\"https:\/\/folkart.ee\/wp-content\/uploads\/2024\/05\/DSC_1193-scaled.jpg#breadcrumb\"},\"inLanguage\":\"en-US\",\"potentialAction\":[{\"@type\":\"ReadAction\",\"target\":[\"https:\/\/folkart.ee\/wp-content\/uploads\/2024\/05\/DSC_1193-scaled.jpg\"]}]},{\"@type\":\"BreadcrumbList\",\"@id\":\"https:\/\/folkart.ee\/wp-content\/uploads\/2024\/05\/DSC_1193-scaled.jpg#breadcrumb\",\"itemListElement\":[{\"@type\":\"ListItem\",\"position\":1,\"name\":\"Home\",\"item\":\"https:\/\/folkart.ee\/en\/\"},{\"@type\":\"ListItem\",\"position\":2,\"name\":\"Imbi J\u00e4etma Lahemaalammas FIE\",\"item\":\"https:\/\/folkart.ee\/?oma-margise-omanikud=imbi-jaetma-lahemaalammas-fie\"},{\"@type\":\"ListItem\",\"position\":3,\"name\":\"DSC_1193\"}]},{\"@type\":\"WebSite\",\"@id\":\"https:\/\/folkart.ee\/#website\",\"url\":\"https:\/\/folkart.ee\/\",\"name\":\"Estonian Folk Art and Craft Union\",\"description\":\"\",\"publisher\":{\"@id\":\"https:\/\/folkart.ee\/#organization\"},\"potentialAction\":[{\"@type\":\"SearchAction\",\"target\":{\"@type\":\"EntryPoint\",\"urlTemplate\":\"https:\/\/folkart.ee\/?s={search_term_string}\"},\"query-input\":{\"@type\":\"PropertyValueSpecification\",\"valueRequired\":true,\"valueName\":\"search_term_string\"}}],\"inLanguage\":\"en-US\"},{\"@type\":\"Organization\",\"@id\":\"https:\/\/folkart.ee\/#organization\",\"name\":\"Estonian Folk Art and Craft Union\",\"url\":\"https:\/\/folkart.ee\/\",\"logo\":{\"@type\":\"ImageObject\",\"inLanguage\":\"en-US\",\"@id\":\"https:\/\/folkart.ee\/#\/schema\/logo\/image\/\",\"url\":\"https:\/\/folkart.ee\/wp-content\/uploads\/2016\/06\/eesti-rahvakunsti-ja-k\u00e4sit\u00f6\u00f6-liit.png\",\"contentUrl\":\"https:\/\/folkart.ee\/wp-content\/uploads\/2016\/06\/eesti-rahvakunsti-ja-k\u00e4sit\u00f6\u00f6-liit.png\",\"width\":114,\"height\":114,\"caption\":\"Estonian Folk Art and Craft Union\"},\"image\":{\"@id\":\"https:\/\/folkart.ee\/#\/schema\/logo\/image\/\"}}]}<\/script>\n<!-- \/ Yoast SEO plugin. -->","yoast_head_json":{"title":"DSC_1193 - Estonian Folk Art and Craft Union","robots":{"index":"index","follow":"follow","max-snippet":"max-snippet:-1","max-image-preview":"max-image-preview:large","max-video-preview":"max-video-preview:-1"},"canonical":"https:\/\/folkart.ee\/wp-content\/uploads\/2024\/05\/DSC_1193-scaled.jpg","og_locale":"en_US","og_type":"article","og_title":"DSC_1193 - Estonian Folk Art and Craft Union","og_url":"https:\/\/folkart.ee\/wp-content\/uploads\/2024\/05\/DSC_1193-scaled.jpg","og_site_name":"Estonian Folk Art and Craft Union","og_image":[{"width":2560,"height":1714,"url":"https:\/\/folkart.ee\/wp-content\/uploads\/2024\/05\/DSC_1193-scaled.jpg","type":"image\/jpeg"}],"twitter_card":"summary_large_image","schema":{"@context":"https:\/\/schema.org","@graph":[{"@type":"WebPage","@id":"https:\/\/folkart.ee\/wp-content\/uploads\/2024\/05\/DSC_1193-scaled.jpg","url":"https:\/\/folkart.ee\/wp-content\/uploads\/2024\/05\/DSC_1193-scaled.jpg","name":"DSC_1193 - Estonian Folk Art and Craft Union","isPartOf":{"@id":"https:\/\/folkart.ee\/#website"},"datePublished":"2024-05-20T12:17:29+00:00","dateModified":"2024-05-20T12:17:29+00:00","breadcrumb":{"@id":"https:\/\/folkart.ee\/wp-content\/uploads\/2024\/05\/DSC_1193-scaled.jpg#breadcrumb"},"inLanguage":"en-US","potentialAction":[{"@type":"ReadAction","target":["https:\/\/folkart.ee\/wp-content\/uploads\/2024\/05\/DSC_1193-scaled.jpg"]}]},{"@type":"BreadcrumbList","@id":"https:\/\/folkart.ee\/wp-content\/uploads\/2024\/05\/DSC_1193-scaled.jpg#breadcrumb","itemListElement":[{"@type":"ListItem","position":1,"name":"Home","item":"https:\/\/folkart.ee\/en\/"},{"@type":"ListItem","position":2,"name":"Imbi J\u00e4etma Lahemaalammas FIE","item":"https:\/\/folkart.ee\/?oma-margise-omanikud=imbi-jaetma-lahemaalammas-fie"},{"@type":"ListItem","position":3,"name":"DSC_1193"}]},{"@type":"WebSite","@id":"https:\/\/folkart.ee\/#website","url":"https:\/\/folkart.ee\/","name":"Estonian Folk Art and Craft Union","description":"","publisher":{"@id":"https:\/\/folkart.ee\/#organization"},"potentialAction":[{"@type":"SearchAction","target":{"@type":"EntryPoint","urlTemplate":"https:\/\/folkart.ee\/?s={search_term_string}"},"query-input":{"@type":"PropertyValueSpecification","valueRequired":true,"valueName":"search_term_string"}}],"inLanguage":"en-US"},{"@type":"Organization","@id":"https:\/\/folkart.ee\/#organization","name":"Estonian Folk Art and Craft Union","url":"https:\/\/folkart.ee\/","logo":{"@type":"ImageObject","inLanguage":"en-US","@id":"https:\/\/folkart.ee\/#\/schema\/logo\/image\/","url":"https:\/\/folkart.ee\/wp-content\/uploads\/2016\/06\/eesti-rahvakunsti-ja-k\u00e4sit\u00f6\u00f6-liit.png","contentUrl":"https:\/\/folkart.ee\/wp-content\/uploads\/2016\/06\/eesti-rahvakunsti-ja-k\u00e4sit\u00f6\u00f6-liit.png","width":114,"height":114,"caption":"Estonian Folk Art and Craft Union"},"image":{"@id":"https:\/\/folkart.ee\/#\/schema\/logo\/image\/"}}]}},"description":{"rendered":"<p class=\"attachment\"><a href='https:\/\/folkart.ee\/wp-content\/uploads\/2024\/05\/DSC_1193-scaled.jpg'><img fetchpriority=\"high\" decoding=\"async\" width=\"300\" height=\"201\" src=\"https:\/\/folkart.ee\/wp-content\/uploads\/2024\/05\/DSC_1193-300x201.jpg\" class=\"attachment-medium size-medium\" alt=\"\" srcset=\"https:\/\/folkart.ee\/wp-content\/uploads\/2024\/05\/DSC_1193-300x201.jpg 300w, https:\/\/folkart.ee\/wp-content\/uploads\/2024\/05\/DSC_1193-scaled-600x402.jpg 600w, https:\/\/folkart.ee\/wp-content\/uploads\/2024\/05\/DSC_1193-1024x685.jpg 1024w, https:\/\/folkart.ee\/wp-content\/uploads\/2024\/05\/DSC_1193-768x514.jpg 768w, https:\/\/folkart.ee\/wp-content\/uploads\/2024\/05\/DSC_1193-1536x1028.jpg 1536w, https:\/\/folkart.ee\/wp-content\/uploads\/2024\/05\/DSC_1193-2048x1371.jpg 2048w, https:\/\/folkart.ee\/wp-content\/uploads\/2024\/05\/DSC_1193-2000x1339.jpg 2000w\" sizes=\"(max-width: 300px) 100vw, 300px\" \/><\/a><\/p>\n"},"caption":{"rendered":""},"alt_text":"","media_type":"image","mime_type":"image\/jpeg","media_details":{"width":2560,"height":1714,"file":"2024\/05\/DSC_1193-scaled.jpg","filesize":764361,"sizes":{"woocommerce_thumbnail":{"file":"DSC_1193-scaled-300x300.jpg","width":300,"height":300,"filesize":85745,"uncropped":false,"mime_type":"image\/jpeg","source_url":"https:\/\/folkart.ee\/wp-content\/uploads\/2024\/05\/DSC_1193-scaled-300x300.jpg"},"woocommerce_gallery_thumbnail":{"file":"DSC_1193-scaled-100x100.jpg","width":100,"height":100,"filesize":68812,"mime_type":"image\/jpeg","source_url":"https:\/\/folkart.ee\/wp-content\/uploads\/2024\/05\/DSC_1193-scaled-100x100.jpg"},"woocommerce_single":{"file":"DSC_1193-scaled-600x402.jpg","width":600,"height":402,"filesize":116737,"mime_type":"image\/jpeg","source_url":"https:\/\/folkart.ee\/wp-content\/uploads\/2024\/05\/DSC_1193-scaled-600x402.jpg"},"medium":{"file":"DSC_1193-300x201.jpg","width":300,"height":201,"filesize":80434,"mime_type":"image\/jpeg","source_url":"https:\/\/folkart.ee\/wp-content\/uploads\/2024\/05\/DSC_1193-300x201.jpg"},"large":{"file":"DSC_1193-1024x685.jpg","width":1024,"height":685,"filesize":202244,"mime_type":"image\/jpeg","source_url":"https:\/\/folkart.ee\/wp-content\/uploads\/2024\/05\/DSC_1193-1024x685.jpg"},"thumbnail":{"file":"DSC_1193-150x150.jpg","width":150,"height":150,"filesize":71654,"mime_type":"image\/jpeg","source_url":"https:\/\/folkart.ee\/wp-content\/uploads\/2024\/05\/DSC_1193-150x150.jpg"},"medium_large":{"file":"DSC_1193-768x514.jpg","width":768,"height":514,"filesize":146361,"mime_type":"image\/jpeg","source_url":"https:\/\/folkart.ee\/wp-content\/uploads\/2024\/05\/DSC_1193-768x514.jpg"},"1536x1536":{"file":"DSC_1193-1536x1028.jpg","width":1536,"height":1028,"filesize":353232,"mime_type":"image\/jpeg","source_url":"https:\/\/folkart.ee\/wp-content\/uploads\/2024\/05\/DSC_1193-1536x1028.jpg"},"2048x2048":{"file":"DSC_1193-2048x1371.jpg","width":2048,"height":1371,"filesize":543804,"mime_type":"image\/jpeg","source_url":"https:\/\/folkart.ee\/wp-content\/uploads\/2024\/05\/DSC_1193-2048x1371.jpg"},"member":{"file":"DSC_1193-192x192.jpg","width":192,"height":192,"filesize":74539,"mime_type":"image\/jpeg","source_url":"https:\/\/folkart.ee\/wp-content\/uploads\/2024\/05\/DSC_1193-192x192.jpg"},"gallery":{"file":"DSC_1193-240x152.jpg","width":240,"height":152,"filesize":74986,"mime_type":"image\/jpeg","source_url":"https:\/\/folkart.ee\/wp-content\/uploads\/2024\/05\/DSC_1193-240x152.jpg"},"fullgallery":{"file":"DSC_1193-2000x1339.jpg","width":2000,"height":1339,"filesize":524870,"mime_type":"image\/jpeg","source_url":"https:\/\/folkart.ee\/wp-content\/uploads\/2024\/05\/DSC_1193-2000x1339.jpg"},"event":{"file":"DSC_1193-240x185.jpg","width":240,"height":185,"filesize":76696,"mime_type":"image\/jpeg","source_url":"https:\/\/folkart.ee\/wp-content\/uploads\/2024\/05\/DSC_1193-240x185.jpg"},"banner":{"file":"DSC_1193-781x226.jpg","width":781,"height":226,"filesize":106305,"mime_type":"image\/jpeg","source_url":"https:\/\/folkart.ee\/wp-content\/uploads\/2024\/05\/DSC_1193-781x226.jpg"},"poster":{"file":"DSC_1193-240x340.jpg","width":240,"height":340,"filesize":83400,"mime_type":"image\/jpeg","source_url":"https:\/\/folkart.ee\/wp-content\/uploads\/2024\/05\/DSC_1193-240x340.jpg"},"full":{"file":"DSC_1193-scaled.jpg","width":2560,"height":1714,"mime_type":"image\/jpeg","source_url":"https:\/\/folkart.ee\/wp-content\/uploads\/2024\/05\/DSC_1193-scaled.jpg"}},"image_meta":{"aperture":"5.6","credit":"","camera":"NIKON D80","caption":"","created_timestamp":"1381668123","copyright":"","focal_length":"26","iso":"140","shutter_speed":"0.008","title":"","orientation":"1","keywords":[]}},"post":21906,"source_url":"https:\/\/folkart.ee\/wp-content\/uploads\/2024\/05\/DSC_1193-scaled.jpg","_links":{"self":[{"href":"https:\/\/folkart.ee\/en\/wp-json\/wp\/v2\/media\/21914"}],"collection":[{"href":"https:\/\/folkart.ee\/en\/wp-json\/wp\/v2\/media"}],"about":[{"href":"https:\/\/folkart.ee\/en\/wp-json\/wp\/v2\/types\/attachment"}],"author":[{"embeddable":true,"href":"https:\/\/folkart.ee\/en\/wp-json\/wp\/v2\/users\/8"}],"replies":[{"embeddable":true,"href":"https:\/\/folkart.ee\/en\/wp-json\/wp\/v2\/comments?post=21914"}]}}

<!-- This site is optimized with the Yoast SEO plugin v23.4 - https://yoast.com/wordpress/plugins/seo/ -->
<title>DSC_1193 - Estonian Folk Art and Craft Union</title>
<meta name="robots" content="index, follow, max-snippet:-1, max-image-preview:large, max-video-preview:-1" />
<link rel="canonical" href="https://folkart.ee/wp-content/uploads/2024/05/DSC_1193-scaled.jpg" />
<meta property="og:locale" content="en_US" />
<meta property="og:type" content="article" />
<meta property="og:title" content="DSC_1193 - Estonian Folk Art and Craft Union" />
<meta property="og:url" content="https://folkart.ee/wp-content/uploads/2024/05/DSC_1193-scaled.jpg" />
<meta property="og:site_name" content="Estonian Folk Art and Craft Union" />
<meta property="og:image" content="https://folkart.ee/wp-content/uploads/2024/05/DSC_1193-scaled.jpg" />
	<meta property="og:image:width" content="2560" />
	<meta property="og:image:height" content="1714" />
	<meta property="og:image:type" content="image/jpeg" />
<meta name="twitter:card" content="summary_large_image" />
<script type="application/ld+json" class="yoast-schema-graph">{"@context":"https://schema.org","@graph":[{"@type":"WebPage","@id":"https://folkart.ee/wp-content/uploads/2024/05/DSC_1193-scaled.jpg","url":"https://folkart.ee/wp-content/uploads/2024/05/DSC_1193-scaled.jpg","name":"DSC_1193 - Estonian Folk Art and Craft Union","isPartOf":{"@id":"https://folkart.ee/#website"},"datePublished":"2024-05-20T12:17:29+00:00","dateModified":"2024-05-20T12:17:29+00:00","breadcrumb":{"@id":"https://folkart.ee/wp-content/uploads/2024/05/DSC_1193-scaled.jpg#breadcrumb"},"inLanguage":"en-US","potentialAction":[{"@type":"ReadAction","target":["https://folkart.ee/wp-content/uploads/2024/05/DSC_1193-scaled.jpg"]}]},{"@type":"BreadcrumbList","@id":"https://folkart.ee/wp-content/uploads/2024/05/DSC_1193-scaled.jpg#breadcrumb","itemListElement":[{"@type":"ListItem","position":1,"name":"Home","item":"https://folkart.ee/en/"},{"@type":"ListItem","position":2,"name":"Imbi Jäetma Lahemaalammas FIE","item":"https://folkart.ee/?oma-margise-omanikud=imbi-jaetma-lahemaalammas-fie"},{"@type":"ListItem","position":3,"name":"DSC_1193"}]},{"@type":"WebSite","@id":"https://folkart.ee/#website","url":"https://folkart.ee/","name":"Estonian Folk Art and Craft Union","description":"","publisher":{"@id":"https://folkart.ee/#organization"},"potentialAction":[{"@type":"SearchAction","target":{"@type":"EntryPoint","urlTemplate":"https://folkart.ee/?s={search_term_string}"},"query-input":{"@type":"PropertyValueSpecification","valueRequired":true,"valueName":"search_term_string"}}],"inLanguage":"en-US"},{"@type":"Organization","@id":"https://folkart.ee/#organization","name":"Estonian Folk Art and Craft Union","url":"https://folkart.ee/","logo":{"@type":"ImageObject","inLanguage":"en-US","@id":"https://folkart.ee/#/schema/logo/image/","url":"https://folkart.ee/wp-content/uploads/2016/06/eesti-rahvakunsti-ja-käsitöö-liit.png","contentUrl":"https://folkart.ee/wp-content/uploads/2016/06/eesti-rahvakunsti-ja-käsitöö-liit.png","width":114,"height":114,"caption":"Estonian Folk Art and Craft Union"},"image":{"@id":"https://folkart.ee/#/schema/logo/image/"}}]}</script>
<!-- / Yoast SEO plugin. -->

Imbi Jäetma Lahemaalammas FIE

https://folkart.ee/wp-content/uploads/2016/06/eesti-rahvakunsti-ja-käsitöö-liit.png
